{"id":74118,"date":"2024-01-06T17:50:03","date_gmt":"2024-01-06T16:50:03","guid":{"rendered":"http:\/\/atelierzelezna.cz\/portfolio\/umbau-der-druckerei-in-der-zelezna-strasse\/"},"modified":"2024-07-03T15:56:12","modified_gmt":"2024-07-03T13:56:12","slug":"umbau-der-druckerei-in-der-zelezna-strasse","status":"publish","type":"portfolio","link":"https:\/\/atelierzelezna.cz\/de\/portfolio\/umbau-der-druckerei-in-der-zelezna-strasse\/","title":{"rendered":"UMBAU DER DRUCKEREI IN DER \u017dELEZN\u00c1-STRASSE"},"content":{"rendered":"","protected":false},"excerpt":{"rendered":"<p>Der Umbau dieser ehemaligen Druckerei, errichtet im Jahr 1909 vom Architekten Max K\u00fchn aus Liberec, umfasst ein dreist\u00f6ckiges Geb\u00e4ude sowie einst\u00f6ckige B\u00fcros mit privatem Innenhof und einem ehemaligen einst\u00f6ckigen Restaurant mit einem Park und einem Baumdenkmal anbei.  Die komplizierte urbanistische Situation mit schwierigen Zug\u00e4ngen zum Grundst\u00fcck und auf Drittgrundst\u00fccken gelegenen Geb\u00e4udeabschnitten erforderte unkonventionelle L\u00f6sungen.  Das wichtigste, kommerziell genutzte Objekt sind die B\u00fcros mit S\u00e4gezahndach im ersten Obergeschoss, von denen aus man in den Innenhof und auf die Dachterrasse des ehemaligen Restaurants gelangt.  Die Wohnung im zweiten OG ist sodann eine Art &#8222;Schlafwagen&#8220;, mit randst\u00e4ndigem Korridor und auf den Hof hinausschauenden R\u00e4umen auf der Westseite sowie einer Terrasse \u00fcber dem privaten Hof auf der Ostseite.  Im Erdgeschoss befinden sich die technischen R\u00e4ume sowie die Garagen.  Alle Stockwerke sind \u00fcber eine Wendeltreppe miteinander verbunden, die sich in der Ecke im ehemaligen Schacht des Lastenaufzugs befindet.  <\/p>\n<p>Auftraggeber: MPL Development, a.s.<br \/>\nZusammenarbeit: Ing. Leo\u0161 Urb\u00e1nek<br \/>\nFoto: Tobi\u00e1\u0161 Hrabec<br \/>\nRealisierung: 2018<\/p>\n","protected":false},"author":2,"featured_media":73371,"parent":0,"menu_order":0,"comment_status":"closed","ping_status":"closed","template":"","meta":{"footnotes":""},"portfolio_category":[82],"class_list":["post-74118","portfolio","type-portfolio","status-publish","has-post-thumbnail","hentry","portfolio_category-realisation"],"_links":{"self":[{"href":"https:\/\/atelierzelezna.cz\/de\/wp-json\/wp\/v2\/portfolio\/74118","targetHints":{"allow":["GET"]}}],"collection":[{"href":"https:\/\/atelierzelezna.cz\/de\/wp-json\/wp\/v2\/portfolio"}],"about":[{"href":"https:\/\/atelierzelezna.cz\/de\/wp-json\/wp\/v2\/types\/portfolio"}],"author":[{"embeddable":true,"href":"https:\/\/atelierzelezna.cz\/de\/wp-json\/wp\/v2\/users\/2"}],"replies":[{"embeddable":true,"href":"https:\/\/atelierzelezna.cz\/de\/wp-json\/wp\/v2\/comments?post=74118"}],"version-history":[{"count":1,"href":"https:\/\/atelierzelezna.cz\/de\/wp-json\/wp\/v2\/portfolio\/74118\/revisions"}],"predecessor-version":[{"id":74705,"href":"https:\/\/atelierzelezna.cz\/de\/wp-json\/wp\/v2\/portfolio\/74118\/revisions\/74705"}],"wp:featuredmedia":[{"embeddable":true,"href":"https:\/\/atelierzelezna.cz\/de\/wp-json\/wp\/v2\/media\/73371"}],"wp:attachment":[{"href":"https:\/\/atelierzelezna.cz\/de\/wp-json\/wp\/v2\/media?parent=74118"}],"wp:term":[{"taxonomy":"portfolio_category","embeddable":true,"href":"https:\/\/atelierzelezna.cz\/de\/wp-json\/wp\/v2\/portfolio_category?post=74118"}],"curies":[{"name":"wp","href":"https:\/\/api.w.org\/{rel}","templated":true}]}}

UMBAU DER DRUCKEREI IN DER ŽELEZNÁ-STRASSE

<p>Der Umbau dieser ehemaligen Druckerei, errichtet im Jahr 1909 vom Architekten Max Kühn aus Liberec, umfasst ein dreistöckiges Gebäude sowie einstöckige Büros mit privatem Innenhof und einem ehemaligen einstöckigen Restaurant mit einem Park und einem Baumdenkmal anbei.  Die komplizierte urbanistische Situation mit schwierigen Zugängen zum Grundstück und auf Drittgrundstücken gelegenen Gebäudeabschnitten erforderte unkonventionelle Lösungen.  Das wichtigste, kommerziell genutzte Objekt sind die Büros mit Sägezahndach im ersten Obergeschoss, von denen aus man in den Innenhof und auf die Dachterrasse des ehemaligen Restaurants gelangt.  Die Wohnung im zweiten OG ist sodann eine Art &#8222;Schlafwagen&#8220;, mit randständigem Korridor und auf den Hof hinausschauenden Räumen auf der Westseite sowie einer Terrasse über dem privaten Hof auf der Ostseite.  Im Erdgeschoss befinden sich die technischen Räume sowie die Garagen.  Alle Stockwerke sind über eine Wendeltreppe miteinander verbunden, die sich in der Ecke im ehemaligen Schacht des Lastenaufzugs befindet.  </p>
<p>Auftraggeber: MPL Development, a.s.<br />
Zusammenarbeit: Ing. Leoš Urbánek<br />
Foto: Tobiáš Hrabec<br />
Realisierung: 2018</p>
