{"id":74132,"date":"2024-01-12T17:53:22","date_gmt":"2024-01-12T16:53:22","guid":{"rendered":"http:\/\/atelierzelezna.cz\/portfolio\/verkehrsterminal-jablonec\/"},"modified":"2024-07-04T10:19:04","modified_gmt":"2024-07-04T08:19:04","slug":"verkehrsterminal-jablonec","status":"publish","type":"portfolio","link":"https:\/\/atelierzelezna.cz\/de\/portfolio\/verkehrsterminal-jablonec\/","title":{"rendered":"VERKEHRSTERMINAL JABLONEC"},"content":{"rendered":"","protected":false},"excerpt":{"rendered":"<p>Der neue Busbahnhof (mit Anschluss an den bestehenden Gleisverkehr) in Jablonec nad Nisou, einer Stadt mit nicht ganz hunderttausend Einwohnern, ist geradezu als Verkehrsknotenpunkt ersten Ranges zu bezeichnen.  Das Geb\u00e4ude selbst akzentuiert den &#8222;Fu\u00df&#8220; bzw. die unterste Sprosse einer Leiter, die sich beim Blick auf das ansteigende Raster der Stadtgeographie von Jablonec unwillk\u00fcrlich als Bild aufdr\u00e4ngt. Von der Form her f\u00fcgt sich der Komplex flie\u00dfend in die umliegende Bebauung ein. Die anspruchsvollen Vorgaben der Ausschreibung riefen nach einer erheblichen Regulierung des Flusslaufs der Nei\u00dfe (Nisa), entlang derer eine Fu\u00dfg\u00e4ngerpromenade f\u00fchrt.  Die elegante und schmale Br\u00fccke f\u00fcr Fu\u00dfg\u00e4nger und Radfahrer verbindet den behindertenfreundlichen Bahnhof mit dem Stadtzentrum. Das R\u00fcckgrat des Terminals besteht aus dem Geb\u00e4ude f\u00fcr den Linienbusverkehr, welches durch H\u00f6henausgleich die Br\u00fccke, das Terminal, das Parkhaus und die Flusspromenade miteinander verbindet.  Das Hauptgeb\u00e4ude des Terminals schafft eine neue Vertikale im Stadtbild von Jablonec; in Fernansichten wird damit das dramatische Panorama der Stadt am Fu\u00df der Berge unterstrichen. <\/p>\n<p>Auftraggeber: \u00d6ffentliche Ausschreibung der Stadt Jablonec n. Nisou<br \/>\nZusammenarbeit: Atak architekti<\/p>\n","protected":false},"author":2,"featured_media":73328,"parent":0,"menu_order":0,"comment_status":"closed","ping_status":"closed","template":"","meta":{"footnotes":""},"portfolio_category":[84],"class_list":["post-74132","portfolio","type-portfolio","status-publish","has-post-thumbnail","hentry","portfolio_category-studie-de"],"_links":{"self":[{"href":"https:\/\/atelierzelezna.cz\/de\/wp-json\/wp\/v2\/portfolio\/74132","targetHints":{"allow":["GET"]}}],"collection":[{"href":"https:\/\/atelierzelezna.cz\/de\/wp-json\/wp\/v2\/portfolio"}],"about":[{"href":"https:\/\/atelierzelezna.cz\/de\/wp-json\/wp\/v2\/types\/portfolio"}],"author":[{"embeddable":true,"href":"https:\/\/atelierzelezna.cz\/de\/wp-json\/wp\/v2\/users\/2"}],"replies":[{"embeddable":true,"href":"https:\/\/atelierzelezna.cz\/de\/wp-json\/wp\/v2\/comments?post=74132"}],"version-history":[{"count":1,"href":"https:\/\/atelierzelezna.cz\/de\/wp-json\/wp\/v2\/portfolio\/74132\/revisions"}],"predecessor-version":[{"id":74709,"href":"https:\/\/atelierzelezna.cz\/de\/wp-json\/wp\/v2\/portfolio\/74132\/revisions\/74709"}],"wp:featuredmedia":[{"embeddable":true,"href":"https:\/\/atelierzelezna.cz\/de\/wp-json\/wp\/v2\/media\/73328"}],"wp:attachment":[{"href":"https:\/\/atelierzelezna.cz\/de\/wp-json\/wp\/v2\/media?parent=74132"}],"wp:term":[{"taxonomy":"portfolio_category","embeddable":true,"href":"https:\/\/atelierzelezna.cz\/de\/wp-json\/wp\/v2\/portfolio_category?post=74132"}],"curies":[{"name":"wp","href":"https:\/\/api.w.org\/{rel}","templated":true}]}}

<p>Der neue Busbahnhof (mit Anschluss an den bestehenden Gleisverkehr) in Jablonec nad Nisou, einer Stadt mit nicht ganz hunderttausend Einwohnern, ist geradezu als Verkehrsknotenpunkt ersten Ranges zu bezeichnen.  Das Gebäude selbst akzentuiert den &#8222;Fuß&#8220; bzw. die unterste Sprosse einer Leiter, die sich beim Blick auf das ansteigende Raster der Stadtgeographie von Jablonec unwillkürlich als Bild aufdrängt. Von der Form her fügt sich der Komplex fließend in die umliegende Bebauung ein. Die anspruchsvollen Vorgaben der Ausschreibung riefen nach einer erheblichen Regulierung des Flusslaufs der Neiße (Nisa), entlang derer eine Fußgängerpromenade führt.  Die elegante und schmale Brücke für Fußgänger und Radfahrer verbindet den behindertenfreundlichen Bahnhof mit dem Stadtzentrum. Das Rückgrat des Terminals besteht aus dem Gebäude für den Linienbusverkehr, welches durch Höhenausgleich die Brücke, das Terminal, das Parkhaus und die Flusspromenade miteinander verbindet.  Das Hauptgebäude des Terminals schafft eine neue Vertikale im Stadtbild von Jablonec; in Fernansichten wird damit das dramatische Panorama der Stadt am Fuß der Berge unterstrichen. </p>
<p>Auftraggeber: Öffentliche Ausschreibung der Stadt Jablonec n. Nisou<br />
Zusammenarbeit: Atak architekti</p>
