{"id":74155,"date":"2019-07-18T18:10:44","date_gmt":"2019-07-18T16:10:44","guid":{"rendered":"http:\/\/atelierzelezna.cz\/profile\/"},"modified":"2019-07-18T18:20:54","modified_gmt":"2019-07-18T16:20:54","slug":"profile","status":"publish","type":"page","link":"https:\/\/atelierzelezna.cz\/en\/profile\/","title":{"rendered":"Profile"},"content":{"rendered":"<div class=\"wpb-content-wrapper\"><p>[vc_row][vc_column width=&#8221;1\/1&#8243;][vc_custom_heading text_size=&#8221;h4&#8243; text_height=&#8221;fontheight-357766&#8243; text_font=&#8221;font-762333&#8243; text_transform=&#8221;capitalize&#8221; text_align=&#8221;text-left&#8221; text_uppercase=&#8221;&#8221;]ABOUT US[\/vc_custom_heading][vc_row_inner row_inner_height_percent=&#8221;0&#8243; overlay_alpha=&#8221;50&#8243; gutter_size=&#8221;4&#8243; shift_y=&#8221;0&#8243;][vc_column_inner width=&#8221;1\/2&#8243;][vc_column_text]We are an independent design office based in Liberec. In our work we emphasize quality craftsmanship and strive for a timeless aesthetic quality that is not subject to the caprices of fashion. We understand that a reasonable level of participation with clients is a prerequisite for good work.<\/p>\n<p>ATELIER \u017dELEZN\u00c1 was founded in Spring 2018 by Ond\u0159ej Ple\u0161til as a direct continuation of his own project work.[\/vc_column_text][\/vc_column_inner][\/vc_row_inner][\/vc_column][\/vc_row][vc_row][vc_column width=&#8221;1\/1&#8243;][vc_single_image media=&#8221;73458&#8243; media_width_percent=&#8221;70&#8243; alignment=&#8221;center&#8221; shape=&#8221;img-round&#8221;][\/vc_column][\/vc_row][vc_row][vc_column width=&#8221;1\/1&#8243;][vc_custom_heading text_size=&#8221;h4&#8243; text_font=&#8221;font-762333&#8243; text_transform=&#8221;capitalize&#8221; text_align=&#8221;text-left&#8221; text_uppercase=&#8221;&#8221;]<\/p>\n<p class=\"p1\"><span class=\"s1\">TEAM<\/span><\/p>\n<p>&nbsp;[\/vc_custom_heading][vc_row_inner row_inner_height_percent=&#8221;0&#8243; overlay_alpha=&#8221;50&#8243; gutter_size=&#8221;4&#8243; shift_y=&#8221;0&#8243;][vc_column_inner width=&#8221;1\/2&#8243;][vc_column_text]<strong>Ing.arch. Ond\u0159ej Ple\u0161til, Ph.D., \u010cKA 4413<\/strong><\/p>\n<p>He finished his Architecture degree at the Faculty of Arts and Architecture of the Technical University of Liberec in 2009 before receiving a doctorate at the FA CTU in Prague. He spent his internship in Berlin at the studio of the Israeli architect Zvi Hecker, at the Prague K2 Atelier and in the carpentry of Petr R\u016f\u017ei\u010dka. Since 2011 he has worked independently in Liberec.<\/p>\n<p><strong>MgA. Marie Eli\u00e1\u0161ov\u00e1<\/strong><\/p>\n<p>She studied architecture at the Prague Academy of Fine Arts in the studio of Jind\u0159ich Smetana and later Jan \u0160\u00e9pka. During her studies she had a six-month study placement at the Royal Academy in Copenhagen and a one-year internship at the X-architekten design office in Vienna. After completing her studies at\u00a0 the Prague Academy of Fine Arts, she returned to her native Liberec, where she has worked with Ond\u0159ej Ple\u0161til since 2017.<\/p>\n<p><strong>Bc. Kate\u0159ina Rissov\u00e1<\/strong><\/p>\n<p>She studied for four years at the Faculty of Architecture of the CTU in Prague in the studios of Ing. arch. Josef M\u00e1dr and doc. Ing. arch. Hana Seho. During her studies she took part in an international project with the Swiss architect prof. Pierre von Meisse and the Schody (Stairs) implementation workshop. She has worked with the Scout Institute in Prague as a graphic designer. She is currently studying to be a Master of Arts at the Faculty of Art and Architecture in Liberec, working in the studio and helping with the Var\u0161ava Cinema.<\/p>\n<p><strong>Ing. arch. Ji\u0159\u00ed Mach\u00e1\u010dek<\/strong><\/p>\n<p>After graduating from the Industrial Building School in Liberec, he studied Architecture at the Faculty of Arts and Architecture at the Technical University of Liberec. He did his bachelor work in the studio of Prof. Ing. Akad. arch. Ji\u0159\u00ed Suchomel. Now he is continuing his studies for a master&#8217;s degree. In addition to his architectural activities, he is also interested in marketing, graphics and the technical furnishing of buildings.[\/vc_column_text][\/vc_column_inner][\/vc_row_inner][\/vc_column][\/vc_row]<\/p>\n<\/div>","protected":false},"excerpt":{"rendered":"<p>[vc_row][vc_column width=&#8221;1\/1&#8243;][vc_custom_heading text_size=&#8221;h4&#8243; text_height=&#8221;fontheight-357766&#8243; text_font=&#8221;font-762333&#8243; text_transform=&#8221;capitalize&#8221; text_align=&#8221;text-left&#8221; text_uppercase=&#8221;&#8221;]ABOUT US[\/vc_custom_heading][vc_row_inner row_inner_height_percent=&#8221;0&#8243; overlay_alpha=&#8221;50&#8243; gutter_size=&#8221;4&#8243; shift_y=&#8221;0&#8243;][vc_column_inner width=&#8221;1\/2&#8243;][vc_column_text]We are an independent design office based [&hellip;]<\/p>\n","protected":false},"author":2,"featured_media":0,"parent":0,"menu_order":0,"comment_status":"open","ping_status":"closed","template":"","meta":{"footnotes":""},"class_list":["post-74155","page","type-page","status-publish","hentry"],"_links":{"self":[{"href":"https:\/\/atelierzelezna.cz\/en\/wp-json\/wp\/v2\/pages\/74155","targetHints":{"allow":["GET"]}}],"collection":[{"href":"https:\/\/atelierzelezna.cz\/en\/wp-json\/wp\/v2\/pages"}],"about":[{"href":"https:\/\/atelierzelezna.cz\/en\/wp-json\/wp\/v2\/types\/page"}],"author":[{"embeddable":true,"href":"https:\/\/atelierzelezna.cz\/en\/wp-json\/wp\/v2\/users\/2"}],"replies":[{"embeddable":true,"href":"https:\/\/atelierzelezna.cz\/en\/wp-json\/wp\/v2\/comments?post=74155"}],"version-history":[{"count":5,"href":"https:\/\/atelierzelezna.cz\/en\/wp-json\/wp\/v2\/pages\/74155\/revisions"}],"predecessor-version":[{"id":74168,"href":"https:\/\/atelierzelezna.cz\/en\/wp-json\/wp\/v2\/pages\/74155\/revisions\/74168"}],"wp:attachment":[{"href":"https:\/\/atelierzelezna.cz\/en\/wp-json\/wp\/v2\/media?parent=74155"}],"curies":[{"name":"wp","href":"https:\/\/api.w.org\/{rel}","templated":true}]}}

<div class="wpb-content-wrapper"><p>[vc_row][vc_column width=&#8221;1/1&#8243;][vc_custom_heading text_size=&#8221;h4&#8243; text_height=&#8221;fontheight-357766&#8243; text_font=&#8221;font-762333&#8243; text_transform=&#8221;capitalize&#8221; text_align=&#8221;text-left&#8221; text_uppercase=&#8221;&#8221;]ABOUT US[/vc_custom_heading][vc_row_inner row_inner_height_percent=&#8221;0&#8243; overlay_alpha=&#8221;50&#8243; gutter_size=&#8221;4&#8243; shift_y=&#8221;0&#8243;][vc_column_inner width=&#8221;1/2&#8243;][vc_column_text]We are an independent design office based in Liberec. In our work we emphasize quality craftsmanship and strive for a timeless aesthetic quality that is not subject to the caprices of fashion. We understand that a reasonable level of participation with clients is a prerequisite for good work.</p>
<p>ATELIER ŽELEZNÁ was founded in Spring 2018 by Ondřej Pleštil as a direct continuation of his own project work.[/vc_column_text][/vc_column_inner][/vc_row_inner][/vc_column][/vc_row][vc_row][vc_column width=&#8221;1/1&#8243;][vc_single_image media=&#8221;73458&#8243; media_width_percent=&#8221;70&#8243; alignment=&#8221;center&#8221; shape=&#8221;img-round&#8221;][/vc_column][/vc_row][vc_row][vc_column width=&#8221;1/1&#8243;][vc_custom_heading text_size=&#8221;h4&#8243; text_font=&#8221;font-762333&#8243; text_transform=&#8221;capitalize&#8221; text_align=&#8221;text-left&#8221; text_uppercase=&#8221;&#8221;]</p>
<p class="p1"><span class="s1">TEAM</span></p>
<p>&nbsp;[/vc_custom_heading][vc_row_inner row_inner_height_percent=&#8221;0&#8243; overlay_alpha=&#8221;50&#8243; gutter_size=&#8221;4&#8243; shift_y=&#8221;0&#8243;][vc_column_inner width=&#8221;1/2&#8243;][vc_column_text]<strong>Ing.arch. Ondřej Pleštil, Ph.D., ČKA 4413</strong></p>
<p>He finished his Architecture degree at the Faculty of Arts and Architecture of the Technical University of Liberec in 2009 before receiving a doctorate at the FA CTU in Prague. He spent his internship in Berlin at the studio of the Israeli architect Zvi Hecker, at the Prague K2 Atelier and in the carpentry of Petr Růžička. Since 2011 he has worked independently in Liberec.</p>
<p><strong>MgA. Marie Eliášová</strong></p>
<p>She studied architecture at the Prague Academy of Fine Arts in the studio of Jindřich Smetana and later Jan Šépka. During her studies she had a six-month study placement at the Royal Academy in Copenhagen and a one-year internship at the X-architekten design office in Vienna. After completing her studies at  the Prague Academy of Fine Arts, she returned to her native Liberec, where she has worked with Ondřej Pleštil since 2017.</p>
<p><strong>Bc. Kateřina Rissová</strong></p>
<p>She studied for four years at the Faculty of Architecture of the CTU in Prague in the studios of Ing. arch. Josef Mádr and doc. Ing. arch. Hana Seho. During her studies she took part in an international project with the Swiss architect prof. Pierre von Meisse and the Schody (Stairs) implementation workshop. She has worked with the Scout Institute in Prague as a graphic designer. She is currently studying to be a Master of Arts at the Faculty of Art and Architecture in Liberec, working in the studio and helping with the Varšava Cinema.</p>
<p><strong>Ing. arch. Jiří Macháček</strong></p>
<p>After graduating from the Industrial Building School in Liberec, he studied Architecture at the Faculty of Arts and Architecture at the Technical University of Liberec. He did his bachelor work in the studio of Prof. Ing. Akad. arch. Jiří Suchomel. Now he is continuing his studies for a master&#8217;s degree. In addition to his architectural activities, he is also interested in marketing, graphics and the technical furnishing of buildings.[/vc_column_text][/vc_column_inner][/vc_row_inner][/vc_column][/vc_row]</p>
</div>
