{"id":74647,"date":"2024-01-19T18:03:19","date_gmt":"2024-01-19T17:03:19","guid":{"rendered":"http:\/\/atelierzelezna.cz\/?post_type=portfolio&#038;p=74647"},"modified":"2024-06-24T11:32:00","modified_gmt":"2024-06-24T09:32:00","slug":"sauna-by-the-cottage","status":"publish","type":"portfolio","link":"https:\/\/atelierzelezna.cz\/en\/portfolio\/sauna-by-the-cottage\/","title":{"rendered":"SAUNA BY THE COTTAGE"},"content":{"rendered":"","protected":false},"excerpt":{"rendered":"<p>A small new building in Kry\u0161tofovo \u00dadol\u00ed is connected to the garden house. It contains a sauna with facilities. The sauna, located on the first floor, is complemented by a jewel &#8211; a view of the Je\u0161t\u011bd Ridge.<\/p>\n<p>Client: Private<br \/>\nDesign: 2021<\/p>\n","protected":false},"author":4,"featured_media":74579,"parent":0,"menu_order":0,"comment_status":"open","ping_status":"open","template":"","meta":{"footnotes":""},"portfolio_category":[83],"class_list":["post-74647","portfolio","type-portfolio","status-publish","has-post-thumbnail","hentry","portfolio_category-study"],"_links":{"self":[{"href":"https:\/\/atelierzelezna.cz\/en\/wp-json\/wp\/v2\/portfolio\/74647","targetHints":{"allow":["GET"]}}],"collection":[{"href":"https:\/\/atelierzelezna.cz\/en\/wp-json\/wp\/v2\/portfolio"}],"about":[{"href":"https:\/\/atelierzelezna.cz\/en\/wp-json\/wp\/v2\/types\/portfolio"}],"author":[{"embeddable":true,"href":"https:\/\/atelierzelezna.cz\/en\/wp-json\/wp\/v2\/users\/4"}],"replies":[{"embeddable":true,"href":"https:\/\/atelierzelezna.cz\/en\/wp-json\/wp\/v2\/comments?post=74647"}],"version-history":[{"count":1,"href":"https:\/\/atelierzelezna.cz\/en\/wp-json\/wp\/v2\/portfolio\/74647\/revisions"}],"predecessor-version":[{"id":74648,"href":"https:\/\/atelierzelezna.cz\/en\/wp-json\/wp\/v2\/portfolio\/74647\/revisions\/74648"}],"wp:featuredmedia":[{"embeddable":true,"href":"https:\/\/atelierzelezna.cz\/en\/wp-json\/wp\/v2\/media\/74579"}],"wp:attachment":[{"href":"https:\/\/atelierzelezna.cz\/en\/wp-json\/wp\/v2\/media?parent=74647"}],"wp:term":[{"taxonomy":"portfolio_category","embeddable":true,"href":"https:\/\/atelierzelezna.cz\/en\/wp-json\/wp\/v2\/portfolio_category?post=74647"}],"curies":[{"name":"wp","href":"https:\/\/api.w.org\/{rel}","templated":true}]}}

<p>A small new building in Kryštofovo Údolí is connected to the garden house. It contains a sauna with facilities. The sauna, located on the first floor, is complemented by a jewel &#8211; a view of the Ještěd Ridge.</p>
<p>Client: Private<br />
Design: 2021</p>
